*j - 4. Let g be x(3). Let r be g/6 - (-112)/6. What is the highest common divisor of q and r?
19
Let t be (6/(-18))/(7/(-1806)). Let v = t - 30. Calculate the greatest common divisor of 280 and v.
56
Let t be 921/9 - (-24)/(-72). Calculate the greatest common factor of 1122 and t.
102
Suppose -9 = -3*n + 3. Suppose 5*u - 14 = 3*o, o - u = -2*o - 10. Let k be (o - 57)/((-4)/n). Calculate the greatest common factor of 15 and k.
15
Let d(i) = i**2 + 513*i + 5084. Let q be d(-10). What is the greatest common factor of q and 2790?
18
Let u be (-25)/(25/(-9))*5/3. Suppose 5*z + 28 = g, -16 = -4*g + 11*z - u*z. What is the highest common factor of 6 and g?
2
Let a = -8537 + 11609. What is the highest common divisor of 64 and a?
64
Let r = -2176 - -2225. Calculate the greatest common divisor of r and 7.
7
Let h be 2680/603 + (-4)/9. Suppose 1756 = 2*f - 4*b - 16, -5*f = -h*b - 4418. Calculate the highest common factor of 63 and f.
63
Let z be ((-440)/(-385))/((-8)/(-196)). Calculate the greatest common divisor of 308 and z.
28
Let u(a) = 4*a + 2 - 1 + 0*a**3 - a**3 + a - 2*a**2. Let d be u(-4). Suppose 9*q = d*q - 300. What is the highest common divisor of 15 and q?
15
Suppose -13*l + 68*l - 1394 - 1026 = 0. Let w = -316 - -448. Calculate the greatest common divisor of l and w.
44
Suppose -10*o + 9*o - 14 = -3*b, -2*b + 5*o = -18. Suppose 5*a - 5*i - 10 = b*a, -3*i = -3*a + 42. What is the greatest common divisor of a and 70?
5
Let m(k) = -127*k**3 - 13*k**2 - 7*k - 1. Let r be m(-1). Calculate the highest common divisor of r and 396.
12
Let l be 6880 + 13 + 19 + -8*1. Calculate the highest common divisor of l and 8.
8
Suppose 17 = o + 26. Let k = o - -13. Suppose -2*v - k*t = -5*v + 432, -5*v + 712 = -4*t. What is the highest common factor of 20 and v?
20
Let v = -4538 + 4572. Let k(i) = 65*i**3 + 3*i**2 - 4*i + 3. Let f be k(2). Calculate the highest common divisor of v and f.
17
Let i(w) = -5*w - 117. Let n be i(-23). Let m be -4 + (5 - n - -77). Let b(h) = h**2 + 1. Let p be b(-3). What is the greatest common divisor of m and p?
10
Let j(v) = 57*v**2 + 4*v + 3. Suppose 686*t = 689*t + 3. Let w be j(t). What is the highest common factor of w and 84?
28
Let c = -485 + 815. Let l = -314 + c. Calculate the greatest common factor of 3 and l.
1
Let n be ((-60)/(-18))/((-6)/(-9)). Suppose n*a - 162 = 18. Let s be 1253/35 - -3*2/30. What is the greatest common divisor of a and s?
36
Let c be ((-422)/(-5))/((-28)/140). Let t = c + 665. Calculate the highest common factor of t and 3.
3
Let o be (-2)/(-5) - (-796)/10. Let i be (60/3)/4 - 6 - 6. Let s(b) = 4*b**2 + 26*b + 26. Let t be s(i). Calculate the highest common factor of t and o.
40
Let s(l) = -1 - 170*l**2 + l**3 + 355*l**2 - 3*l - 180*l**2. Suppose 0*o + 20 = -4*o. Let j be s(o). What is the highest common divisor of 154 and j?
14
Let u be ((-90)/18)/(13/(-858)). What is the greatest common factor of u and 9174?
66
Suppose -59 = -18*s - 5. Suppose d = 2*d + s*o, 80 = 5*d - 5*o. Let v(x) = 3*x**2 + 3*x + 6. Let m be v(-3). What is the highest common divisor of m and d?
12
Suppose 85*k - 89*k - 2*h = -110, 104 = 4*k + 4*h. Calculate the greatest common divisor of k and 15979.
29
Let r(i) = i**3 + 17*i**2 + 168*i + 2861. Let g be r(-17). Suppose 0 = 5*u + 4*x - 445, -5*x + 253 = 4*u - 112. Calculate the highest common factor of u and g.
5
Suppose d + 392 = f - 1373, 4*f - 7058 = 5*d. Calculate the greatest common divisor of 57 and f.
57
Let f(j) = -4*j - 75. Let z be f(-14). Let n be -3 + 32 + 38/z. What is the greatest common divisor of n and 36?
9
Suppose 0 = -t + 4 + 6. Let q be -14 + 11 - (428 - -3 - 0). Let a = 504 + q. What is the highest common divisor of a and t?
10
Suppose 0 = -15*j - 250 - 530. Let x = 220 + j. What is the greatest common divisor of 48 and x?
24
Let v = -83 - -247. Let l be -19 + (-5061)/(-84) + (-1)/4. What is the greatest common divisor of l and v?
41
Let h(r) = r**2 + 26*r - 659. Let z be h(35). Calculate the highest common factor of 12 and z.
12
Let a be -3 - -3*16/6. Suppose 3*n = a*n - 38. Suppose 0 = 5*v - 133 + 38. Calculate the greatest common divisor of v and n.
19
Suppose 710 = 17*i - 12*i. Let x be (8 - 216/32)*284. What is the highest common divisor of x and i?
71
Let h be (-1645)/(-2632) - (-3699)/72. Let s(i) = i**2 - 2*i - 9. Let v be s(-6). Calculate the highest common divisor of v and h.
13
Suppose -48*w + 68*w - 220 = 0. Suppose -p = -2*m - 405, 0 = 5*p - 6*m + w*m - 2010. What is the highest common factor of 93 and p?
31
Let w be (-4 - -6)*(-1 - -2). Let u(c) be the first derivative of c**2/2 + 15*c + 129. Let b be u(7). Calculate the greatest common divisor of b and w.
2
Suppose -5*b - 190 = 5*g, 0 = -5*b + 4 + 21. Suppose -6*x - 3*x = -414. Let a = x + g. Calculate the highest common divisor of 15 and a.
3
Suppose 4656*r - 4657*r + 58 = -57. Calculate the greatest common factor of r and 9545.
115
Suppose 41*h + 14*h - 231840 = -14*h. What is the highest common factor of 105 and h?
105
Let g be (-15 - (-12 + 8))*-7. Suppose 4*x - a - 3 = 0, -5*a = -2*x + 2 + 13. Suppose -6*r + 2*r + 44 = x. Calculate the highest common factor of g and r.
11
Suppose 9*d - 6*d = 4*t + 14965, -3*d + 3*t + 14967 = 0. What is the greatest common divisor of 161 and d?
161
Let p = 5771 + -5399. Calculate the greatest common divisor of 300 and p.
12
Let y = 3726 + -2178. What is the greatest common factor of 108 and y?
36
Suppose 18144 = 70*i - 39*i + 25*i. Calculate the highest common factor of i and 36.
36
Suppose -b = -49*q + 45*q - 209, 0 = 4*b - 5*q - 902. Calculate the greatest common factor of 1 and b.
1
Suppose -4*d + 5*v + 114 = 4*v, 5*d = -2*v + 136. Suppose 10 = -y - d. Let r = y - -148. Calculate the greatest common factor of 275 and r.
55
Let q = 28 + -30. Let c be q + -2 + (2 - -1). Let g be (18/(-4))/(((-6)/(-40))/c). What is the highest common divisor of 12 and g?
6
Let a(r) = r**3 + 3*r**2 + 15*r + 78. Let k be a(10). Calculate the greatest common factor of k and 40.
8
Let u = -560 + 798. Let f = -203 - -237. Calculate the highest common divisor of u and f.
34
Suppose 0 = 4*g - 39 - 77. Let u be ((-44)/8)/((-51)/2958). What is the highest common divisor of g and u?
29
Suppose 7*p - 2*p - 10 = 0, -2*x + 2*p + 2208 = 0. Calculate the greatest common divisor of 14 and x.
14
Suppose 0 = -213*b + 256*b - 989. What is the greatest common divisor of b and 24?
1
Suppose -7*c + 2*o + 17 = -6*c, 2*c - 2*o - 46 = 0. What is the greatest common factor of 13108 and c?
29
Let o be 1*(2 + -1)*16. Suppose -650 = -2*f + 2*u, 0*f + 4*u + 340 = f. Let k = -176 + f. Calculate the greatest common factor of o and k.
16
Let t be (-1)/(-4) + 1389/12. Suppose -177 = 48*w - 51*w. Suppose 0 = -46*o + w*o - 377. Calculate the greatest common factor of o and t.
29
Let h(w) = -20*w + 16. Suppose 2*a = 8, x + 4*a = -a + 31. Let d = x + -19. Let o be h(d). Calculate the highest common factor of o and 16.
16
Let a = -5075 - -8747. What is the greatest common factor of a and 72?
72
Let v(x) = -31*x + 17. Let j be v(-6). Let b = -75 + j. Calculate the greatest common divisor of 8 and b.
8
Suppose -5*b = -3*w - 1782, -b = -2*w + 181 - 536. What is the highest common divisor of 119 and b?
119
Let u = 60 + -35. Let j be 380/u*(-10)/(-4). Suppose 0 = -3*w + j + 61. What is the highest common divisor of 11 and w?
11
Let y = -586 + 1176. Let u = -422 + y. Calculate the highest common factor of u and 12.
12
Suppose 5*k + 19 = -8*b + 4*b, 5*b = k - 2. Let t(f) = 2*f + 19 - 7 + 1. Let x be t(k). Calculate the greatest common divisor of 1 and x.
1
Let q be (10/4)/(75/60). Let w(k) = -k**2 - 35*k + 170. Let z be w(-36). Calculate the highest common divisor of q and z.
2
Let z(t) = -23*t**2 - 5*t - 4. Let w be z(-1). Let b = 26 + w. Let y be -2 + b*(-188)/(-8). Calculate the highest common divisor of 23 and y.
23
Let v(b) = -38*b + 36. Let c(n) = 38*n - 37. Let i(j) = 5*c(j) + 4*v(j). Let u be i(2). Calculate the highest common factor of 245 and u.
35
Let g = -5771 - -5907. Calculate the greatest common factor of g and 51.
17
Let m = -510 + 608. Suppose 0 = 4*w + m - 282. What is the greatest common divisor of w and 782?
46
Let j be (-1*2)/(5/(-15)). Let k(x) = 2*x**2 + 40*x + 28. Let p be k(-20). Suppo